{"id":496,"date":"2025-05-24T00:21:50","date_gmt":"2025-05-23T22:21:50","guid":{"rendered":"https:\/\/irmt.fr\/?page_id=496"},"modified":"2026-04-27T15:32:24","modified_gmt":"2026-04-27T13:32:24","slug":"benevoles","status":"publish","type":"page","link":"https:\/\/irmt.fr\/index.php\/benevoles\/","title":{"rendered":"B\u00e9n\u00e9voles"},"content":{"rendered":"\t\t<div data-elementor-type=\"wp-page\" data-elementor-id=\"496\" class=\"elementor elementor-496\">\n\t\t\t\t\t\t\t\t\t<section class=\"elementor-section elementor-top-section elementor-element elementor-element-398c910a elementor-section-boxed elementor-section-height-default elementor-section-height-default\" data-id=\"398c910a\" data-element_type=\"section\">\n\t\t\t\t\t\t<div class=\"elementor-container elementor-column-gap-default\">\n\t\t\t\t\t<div class=\"elementor-column elementor-col-100 elementor-top-column elementor-element elementor-element-12862700\" data-id=\"12862700\" data-element_type=\"column\">\n\t\t\t<div class=\"elementor-widget-wrap elementor-element-populated\">\n\t\t\t\t\t\t\t\t<div class=\"elementor-element elementor-element-46e739b elementor-widget elementor-widget-text-editor\" data-id=\"46e739b\" data-element_type=\"widget\" data-widget_type=\"text-editor.default\">\n\t\t\t\t<div class=\"elementor-widget-container\">\n\t\t\t<style>\/*! elementor - v3.6.7 - 03-07-2022 *\/\n.elementor-widget-text-editor.elementor-drop-cap-view-stacked .elementor-drop-cap{background-color:#818a91;color:#fff}.elementor-widget-text-editor.elementor-drop-cap-view-framed .elementor-drop-cap{color:#818a91;border:3px solid;background-color:transparent}.elementor-widget-text-editor:not(.elementor-drop-cap-view-default) .elementor-drop-cap{margin-top:8px}.elementor-widget-text-editor:not(.elementor-drop-cap-view-default) .elementor-drop-cap-letter{width:1em;height:1em}.elementor-widget-text-editor .elementor-drop-cap{float:left;text-align:center;line-height:1;font-size:50px}.elementor-widget-text-editor .elementor-drop-cap-letter{display:inline-block}<\/style>\t\t\t\t<h2 class=\"wp-block-heading\">Devenez b\u00e9n\u00e9vole au festival Vannes Echos Jazz!<\/h2>\n<p><!-- \/wp:heading --><!-- wp:paragraph --><\/p>\n<p><!-- \/wp:paragraph --><\/p>\t\t\t\t\t\t<\/div>\n\t\t\t\t<\/div>\n\t\t\t\t\t<\/div>\n\t\t<\/div>\n\t\t\t\t\t\t\t<\/div>\n\t\t<\/section>\n\t\t\t\t<section class=\"elementor-section elementor-top-section elementor-element elementor-element-99ef342 elementor-section-boxed elementor-section-height-default elementor-section-height-default\" data-id=\"99ef342\" data-element_type=\"section\">\n\t\t\t\t\t\t<div class=\"elementor-container elementor-column-gap-default\">\n\t\t\t\t\t<div class=\"elementor-column elementor-col-100 elementor-top-column elementor-element elementor-element-ad4c9d1\" data-id=\"ad4c9d1\" data-element_type=\"column\">\n\t\t\t<div class=\"elementor-widget-wrap elementor-element-populated\">\n\t\t\t\t\t\t\t\t<div class=\"elementor-element elementor-element-56595ce elementor-widget elementor-widget-text-editor\" data-id=\"56595ce\" data-element_type=\"widget\" data-widget_type=\"text-editor.default\">\n\t\t\t\t<div class=\"elementor-widget-container\">\n\t\t\t\t\t\t\t<p>L\u2019\u00e9dition 2025 du festival Vannes \u00c9chos Jazz a \u00e9t\u00e9 un v\u00e9ritable succ\u00e8s pour l\u2019association RITM !<\/p>\n<p>En charge de la gestion des bars du festival, nous avons pu compter sur l\u2019implication, la bonne humeur et l\u2019\u00e9nergie de nos b\u00e9n\u00e9voles tout au long de l\u2019\u00e9v\u00e9nement.<\/p>\n<p>Gr\u00e2ce \u00e0 eux, le public a pu profiter de moments chaleureux et conviviaux autour d\u2019un verre, en musique.<\/p>\n<p>Pour l\u2019\u00e9dition 2026, nous cherchons d\u00e9j\u00e0 de nouvelles forces vives pour rejoindre notre \u00e9quipe.<\/p>\n<p>Que vous soyez disponible quelques heures ou plusieurs jours, votre aide sera pr\u00e9cieuse pour faire vivre l\u2019esprit du festival.<\/p>\n<p><img decoding=\"async\" draggable=\"false\" role=\"img\" class=\"emoji\" alt=\"\ud83d\udce7\" src=\"https:\/\/s.w.org\/images\/core\/emoji\/17.0.2\/svg\/1f4e7.svg\"> Int\u00e9ress\u00e9(e) ? \u00c9crivez-nous \u00e0 <a href=\"mailto:benevolesvej@ritm.fr\">benevolesvej@ritm.fr<\/a> pour recevoir toutes les informations.<\/p>\t\t\t\t\t\t<\/div>\n\t\t\t\t<\/div>\n\t\t\t\t\t<\/div>\n\t\t<\/div>\n\t\t\t\t\t\t\t<\/div>\n\t\t<\/section>\n\t\t\t\t\t\t\t<\/div>\n\t\t","protected":false},"excerpt":{"rendered":"<p>Devenez b\u00e9n\u00e9vole au festival Vannes Echos Jazz! L\u2019\u00e9dition 2025 du festival Vannes \u00c9chos Jazz a \u00e9t\u00e9 un v\u00e9ritable succ\u00e8s pour l\u2019association RITM ! En charge de la gestion des bars du festival, nous avons pu compter sur l\u2019implication, la bonne humeur et l\u2019\u00e9nergie de nos b\u00e9n\u00e9voles tout au long de l\u2019\u00e9v\u00e9nement. Gr\u00e2ce \u00e0 eux, le &hellip; <\/p>\n<p class=\"link-more\"><a href=\"https:\/\/irmt.fr\/index.php\/benevoles\/\" class=\"more-link\">Lire la suite de<span class=\"screen-reader-text\">\u00ab\u00a0B\u00e9n\u00e9voles\u00a0\u00bb<\/span><\/a><\/p>\n","protected":false},"author":1,"featured_media":0,"parent":0,"menu_order":0,"comment_status":"closed","ping_status":"closed","template":"","meta":{"footnotes":""},"class_list":["post-496","page","type-page","status-publish","hentry"],"featured_media_urls":[],"_links":{"self":[{"href":"https:\/\/irmt.fr\/index.php\/wp-json\/wp\/v2\/pages\/496","targetHints":{"allow":["GET"]}}],"collection":[{"href":"https:\/\/irmt.fr\/index.php\/wp-json\/wp\/v2\/pages"}],"about":[{"href":"https:\/\/irmt.fr\/index.php\/wp-json\/wp\/v2\/types\/page"}],"author":[{"embeddable":true,"href":"https:\/\/irmt.fr\/index.php\/wp-json\/wp\/v2\/users\/1"}],"replies":[{"embeddable":true,"href":"https:\/\/irmt.fr\/index.php\/wp-json\/wp\/v2\/comments?post=496"}],"version-history":[{"count":22,"href":"https:\/\/irmt.fr\/index.php\/wp-json\/wp\/v2\/pages\/496\/revisions"}],"predecessor-version":[{"id":618,"href":"https:\/\/irmt.fr\/index.php\/wp-json\/wp\/v2\/pages\/496\/revisions\/618"}],"wp:attachment":[{"href":"https:\/\/irmt.fr\/index.php\/wp-json\/wp\/v2\/media?parent=496"}],"curies":[{"name":"wp","href":"https:\/\/api.w.org\/{rel}","templated":true}]}}

Bénévoles

<div data-elementor-type="wp-page" data-elementor-id="496" class="elementor elementor-496">
									<section class="elementor-section elementor-top-section elementor-element elementor-element-398c910a elementor-section-boxed elementor-section-height-default elementor-section-height-default" data-id="398c910a" data-element_type="section">
						<div class="elementor-container elementor-column-gap-default">
					<div class="elementor-column elementor-col-100 elementor-top-column elementor-element elementor-element-12862700" data-id="12862700" data-element_type="column">
			<div class="elementor-widget-wrap elementor-element-populated">
								<div class="elementor-element elementor-element-46e739b elementor-widget elementor-widget-text-editor" data-id="46e739b" data-element_type="widget" data-widget_type="text-editor.default">
				<div class="elementor-widget-container">
			<style>/*! elementor - v3.6.7 - 03-07-2022 */
.elementor-widget-text-editor.elementor-drop-cap-view-stacked .elementor-drop-cap{background-color:#818a91;color:#fff}.elementor-widget-text-editor.elementor-drop-cap-view-framed .elementor-drop-cap{color:#818a91;border:3px solid;background-color:transparent}.elementor-widget-text-editor:not(.elementor-drop-cap-view-default) .elementor-drop-cap{margin-top:8px}.elementor-widget-text-editor:not(.elementor-drop-cap-view-default) .elementor-drop-cap-letter{width:1em;height:1em}.elementor-widget-text-editor .elementor-drop-cap{float:left;text-align:center;line-height:1;font-size:50px}.elementor-widget-text-editor .elementor-drop-cap-letter{display:inline-block}</style>				<h2 class="wp-block-heading">Devenez bénévole au festival Vannes Echos Jazz!</h2>
<p><!-- /wp:heading --><!-- wp:paragraph --></p>
<p><!-- /wp:paragraph --></p>						</div>
				</div>
					</div>
		</div>
							</div>
		</section>
				<section class="elementor-section elementor-top-section elementor-element elementor-element-99ef342 elementor-section-boxed elementor-section-height-default elementor-section-height-default" data-id="99ef342" data-element_type="section">
						<div class="elementor-container elementor-column-gap-default">
					<div class="elementor-column elementor-col-100 elementor-top-column elementor-element elementor-element-ad4c9d1" data-id="ad4c9d1" data-element_type="column">
			<div class="elementor-widget-wrap elementor-element-populated">
								<div class="elementor-element elementor-element-56595ce elementor-widget elementor-widget-text-editor" data-id="56595ce" data-element_type="widget" data-widget_type="text-editor.default">
				<div class="elementor-widget-container">
							<p>L’édition 2025 du festival Vannes Échos Jazz a été un véritable succès pour l’association RITM !</p>
<p>En charge de la gestion des bars du festival, nous avons pu compter sur l’implication, la bonne humeur et l’énergie de nos bénévoles tout au long de l’événement.</p>
<p>Grâce à eux, le public a pu profiter de moments chaleureux et conviviaux autour d’un verre, en musique.</p>
<p>Pour l’édition 2026, nous cherchons déjà de nouvelles forces vives pour rejoindre notre équipe.</p>
<p>Que vous soyez disponible quelques heures ou plusieurs jours, votre aide sera précieuse pour faire vivre l’esprit du festival.</p>
<p><img decoding="async" draggable="false" role="img" class="emoji" alt="📧" src="https://s.w.org/images/core/emoji/17.0.2/svg/1f4e7.svg"> Intéressé(e) ? Écrivez-nous à <a href="mailto:benevolesvej@ritm.fr">benevolesvej@ritm.fr</a> pour recevoir toutes les informations.</p>						</div>
				</div>
					</div>
		</div>
							</div>
		</section>
							</div>

<p>Devenez bénévole au festival Vannes Echos Jazz! L’édition 2025 du festival Vannes Échos Jazz a été un véritable succès pour l’association RITM ! En charge de la gestion des bars du festival, nous avons pu compter sur l’implication, la bonne humeur et l’énergie de nos bénévoles tout au long de l’événement. Grâce à eux, le &hellip; </p>
<p class="link-more"><a href="https://irmt.fr/index.php/benevoles/" class="more-link">Lire la suite de<span class="screen-reader-text">« Bénévoles »</span></a></p>
