{"id":15,"date":"2022-07-18T11:25:41","date_gmt":"2022-07-18T09:25:41","guid":{"rendered":"https:\/\/irmt.fr\/?page_id=15"},"modified":"2022-07-19T16:56:56","modified_gmt":"2022-07-19T14:56:56","slug":"institut","status":"publish","type":"page","link":"https:\/\/irmt.fr\/index.php\/institut\/","title":{"rendered":"L&rsquo;Institut"},"content":{"rendered":"\n<p>L&rsquo;institut de Recherche pour les Musiques Transatlantiques a vu le jour en 2020 sur une initiative commune de trois festivals du Golfe du Morbihan, \u00e0 savoir le festival Jazz en Ville de Vannes, Jazz in Plescop et Jazz in Monterblanc (Notes et Mots).<\/p>\n\n\n<div class=\"wp-block-image\">\n<figure class=\"aligncenter size-large is-resized\"><img decoding=\"async\" src=\"https:\/\/irmt.fr\/wp-content\/uploads\/2022\/07\/LOGOS-2-1024x289.png\" alt=\"\" class=\"wp-image-142\" width=\"-795\" height=\"-224\" srcset=\"https:\/\/irmt.fr\/wp-content\/uploads\/2022\/07\/LOGOS-2-1024x289.png 1024w, https:\/\/irmt.fr\/wp-content\/uploads\/2022\/07\/LOGOS-2-300x85.png 300w, https:\/\/irmt.fr\/wp-content\/uploads\/2022\/07\/LOGOS-2-768x217.png 768w, https:\/\/irmt.fr\/wp-content\/uploads\/2022\/07\/LOGOS-2-1536x434.png 1536w, https:\/\/irmt.fr\/wp-content\/uploads\/2022\/07\/LOGOS-2-2048x579.png 2048w, https:\/\/irmt.fr\/wp-content\/uploads\/2022\/07\/LOGOS-2-2000x565.png 2000w, https:\/\/irmt.fr\/wp-content\/uploads\/2022\/07\/LOGOS-2-600x170.png 600w\" sizes=\"(max-width: 1024px) 100vw, 1024px\" \/><\/figure>\n<\/div>\n\n\n<p>L&rsquo;objectif de cet institut est de promouvoir des travaux de recherche en ethnomusicologie et de cr\u00e9ation musicale sur les esth\u00e9tiques musicales hybrides apparent\u00e9es \u00ab\u00a0Jazz\u00a0\u00bb, dites \u00ab\u00a0Transatlantiques\u00a0\u00bb. La transversalit\u00e9 est au c\u0153ur du projet du RITM o\u00f9 faire cohabiter sur des m\u00eames projets des chercheurs en sciences sociales et des compositeurs et interpr\u00e8tes musiciens-est le pr\u00e9requis de toute production.<\/p>\n\n\n\n<p>Le \u00ab\u00a0Jazz\u00a0\u00bb est une musique issue de nombreux m\u00e9tissages, en perp\u00e9tuelle r\u00e9g\u00e9n\u00e9ration, et s&rsquo;inscrit dans de nombreux combats pour le respect de la dignit\u00e9 humaine, la libert\u00e9, la d\u00e9mocratie. Comprendre les enjeux soci\u00e9taux qui ont vu na\u00eetre les plus grandes esth\u00e9tiques et figures du jazz au XX\u00e8me si\u00e8cle permet d&rsquo;avoir un autre regard sur le monde, un point de vue d\u00e9cal\u00e9 pour le grand public et plus particuli\u00e8rement les jeunes g\u00e9n\u00e9rations, par le biais de dispositifs d\u2019\u00c9ducation Artistique et Culturelle initi\u00e9s par l&rsquo;institut.<\/p>\n\n\n\n<p>Le RITM entend \u00eatre un centre de ressources au service du territoire, en d\u00e9veloppant tous types de partenariats avec les \u00e9tablissements culturels et \u00e9ducatifs de la r\u00e9gion, des professionnels du monde de l&rsquo;\u00e9ducation aux artistes musiciens.<\/p>\n\n\n\n<p><\/p>\n\n\n\n<div style=\"height:100px\" aria-hidden=\"true\" class=\"wp-block-spacer\"><\/div>\n","protected":false},"excerpt":{"rendered":"<p>L&rsquo;institut de Recherche pour les Musiques Transatlantiques a vu le jour en 2020 sur une initiative commune de trois festivals du Golfe du Morbihan, \u00e0 savoir le festival Jazz en Ville de Vannes, Jazz in Plescop et Jazz in Monterblanc (Notes et Mots). L&rsquo;objectif de cet institut est de promouvoir des travaux de recherche en &hellip; <\/p>\n<p class=\"link-more\"><a href=\"https:\/\/irmt.fr\/index.php\/institut\/\" class=\"more-link\">Lire la suite de<span class=\"screen-reader-text\">\u00ab\u00a0L&rsquo;Institut\u00a0\u00bb<\/span><\/a><\/p>\n","protected":false},"author":1,"featured_media":56,"parent":0,"menu_order":0,"comment_status":"closed","ping_status":"closed","template":"","meta":{"footnotes":""},"class_list":["post-15","page","type-page","status-publish","has-post-thumbnail","hentry"],"featured_media_urls":{"thumbnail":["https:\/\/irmt.fr\/wp-content\/uploads\/2022\/07\/cropped-iiif-service_music_musgottlieb_musgottlieb-02801_ver01_0001-full-pct_50.0-0-default-150x150.jpg",150,150,true],"medium":["https:\/\/irmt.fr\/wp-content\/uploads\/2022\/07\/cropped-iiif-service_music_musgottlieb_musgottlieb-02801_ver01_0001-full-pct_50.0-0-default-300x180.jpg",300,180,true],"medium_large":["https:\/\/irmt.fr\/wp-content\/uploads\/2022\/07\/cropped-iiif-service_music_musgottlieb_musgottlieb-02801_ver01_0001-full-pct_50.0-0-default-768x461.jpg",768,461,true],"large":["https:\/\/irmt.fr\/wp-content\/uploads\/2022\/07\/cropped-iiif-service_music_musgottlieb_musgottlieb-02801_ver01_0001-full-pct_50.0-0-default-1024x614.jpg",950,570,true],"1536x1536":["https:\/\/irmt.fr\/wp-content\/uploads\/2022\/07\/cropped-iiif-service_music_musgottlieb_musgottlieb-02801_ver01_0001-full-pct_50.0-0-default-1536x922.jpg",1536,922,true],"2048x2048":["https:\/\/irmt.fr\/wp-content\/uploads\/2022\/07\/cropped-iiif-service_music_musgottlieb_musgottlieb-02801_ver01_0001-full-pct_50.0-0-default.jpg",2000,1200,false],"inspiro-featured-image":["https:\/\/irmt.fr\/wp-content\/uploads\/2022\/07\/cropped-iiif-service_music_musgottlieb_musgottlieb-02801_ver01_0001-full-pct_50.0-0-default.jpg",2000,1200,false],"inspiro-loop":["https:\/\/irmt.fr\/wp-content\/uploads\/2022\/07\/cropped-iiif-service_music_musgottlieb_musgottlieb-02801_ver01_0001-full-pct_50.0-0-default-950x320.jpg",950,320,true],"inspiro-loop@2x":["https:\/\/irmt.fr\/wp-content\/uploads\/2022\/07\/cropped-iiif-service_music_musgottlieb_musgottlieb-02801_ver01_0001-full-pct_50.0-0-default-1900x640.jpg",1900,640,true],"portfolio_item-thumbnail":["https:\/\/irmt.fr\/wp-content\/uploads\/2022\/07\/cropped-iiif-service_music_musgottlieb_musgottlieb-02801_ver01_0001-full-pct_50.0-0-default.jpg",600,360,false],"portfolio_item-masonry":["https:\/\/irmt.fr\/wp-content\/uploads\/2022\/07\/cropped-iiif-service_music_musgottlieb_musgottlieb-02801_ver01_0001-full-pct_50.0-0-default.jpg",600,360,false],"portfolio_item-thumbnail_cinema":["https:\/\/irmt.fr\/wp-content\/uploads\/2022\/07\/cropped-iiif-service_music_musgottlieb_musgottlieb-02801_ver01_0001-full-pct_50.0-0-default.jpg",558,335,false],"portfolio_item-thumbnail_portrait":["https:\/\/irmt.fr\/wp-content\/uploads\/2022\/07\/cropped-iiif-service_music_musgottlieb_musgottlieb-02801_ver01_0001-full-pct_50.0-0-default.jpg",600,360,false],"portfolio_item-thumbnail_square":["https:\/\/irmt.fr\/wp-content\/uploads\/2022\/07\/cropped-iiif-service_music_musgottlieb_musgottlieb-02801_ver01_0001-full-pct_50.0-0-default.jpg",800,480,false]},"_links":{"self":[{"href":"https:\/\/irmt.fr\/index.php\/wp-json\/wp\/v2\/pages\/15","targetHints":{"allow":["GET"]}}],"collection":[{"href":"https:\/\/irmt.fr\/index.php\/wp-json\/wp\/v2\/pages"}],"about":[{"href":"https:\/\/irmt.fr\/index.php\/wp-json\/wp\/v2\/types\/page"}],"author":[{"embeddable":true,"href":"https:\/\/irmt.fr\/index.php\/wp-json\/wp\/v2\/users\/1"}],"replies":[{"embeddable":true,"href":"https:\/\/irmt.fr\/index.php\/wp-json\/wp\/v2\/comments?post=15"}],"version-history":[{"count":15,"href":"https:\/\/irmt.fr\/index.php\/wp-json\/wp\/v2\/pages\/15\/revisions"}],"predecessor-version":[{"id":147,"href":"https:\/\/irmt.fr\/index.php\/wp-json\/wp\/v2\/pages\/15\/revisions\/147"}],"wp:featuredmedia":[{"embeddable":true,"href":"https:\/\/irmt.fr\/index.php\/wp-json\/wp\/v2\/media\/56"}],"wp:attachment":[{"href":"https:\/\/irmt.fr\/index.php\/wp-json\/wp\/v2\/media?parent=15"}],"curies":[{"name":"wp","href":"https:\/\/api.w.org\/{rel}","templated":true}]}}